{"id":5771,"date":"2025-06-06T23:56:18","date_gmt":"2025-06-06T23:56:18","guid":{"rendered":"https:\/\/kejoa.com\/?page_id=5771"},"modified":"2025-06-07T00:05:40","modified_gmt":"2025-06-07T00:05:40","slug":"message-des-fondatrices","status":"publish","type":"page","link":"https:\/\/kejoa.com\/?page_id=5771","title":{"rendered":"Message des Fondatrices"},"content":{"rendered":"\t\t<div data-elementor-type=\"wp-page\" data-elementor-id=\"5771\" class=\"elementor elementor-5771\">\n\t\t\t\t\t\t<section class=\"elementor-section elementor-top-section elementor-element elementor-element-d88ef73 elementor-section-boxed elementor-section-height-default elementor-section-height-default\" data-id=\"d88ef73\" data-element_type=\"section\">\n\t\t\t\t\t\t<div class=\"elementor-container elementor-column-gap-default\">\n\t\t\t\t\t<div class=\"elementor-column elementor-col-100 elementor-top-column elementor-element elementor-element-054c2f0\" data-id=\"054c2f0\" data-element_type=\"column\">\n\t\t\t<div class=\"elementor-widget-wrap elementor-element-populated\">\n\t\t\t\t\t\t<div class=\"elementor-element elementor-element-f1bebf5 elementor-widget elementor-widget-heading\" data-id=\"f1bebf5\" data-element_type=\"widget\" data-widget_type=\"heading.default\">\n\t\t\t\t<div class=\"elementor-widget-container\">\n\t\t\t\t\t<h2 class=\"elementor-heading-title elementor-size-default\">Message des Fondatrices<\/h2>\t\t\t\t<\/div>\n\t\t\t\t<\/div>\n\t\t\t\t<div class=\"elementor-element elementor-element-a8df1eb elementor-widget elementor-widget-text-editor\" data-id=\"a8df1eb\" data-element_type=\"widget\" data-widget_type=\"text-editor.default\">\n\t\t\t\t<div class=\"elementor-widget-container\">\n\t\t\t\t\t\t\t\t\t<p><span id=\"docs-internal-guid-719d0593-7fff-9f0c-9d98-a6c1377e46e5\"><span style=\"font-size: 12pt; font-family: Roboto, sans-serif; color: #000000; background-color: transparent; font-variant-numeric: normal; font-variant-east-asian: normal; font-variant-alternates: normal; font-variant-position: normal; font-variant-emoji: normal; vertical-align: baseline; white-space-collapse: preserve;\">Chez Kejoa Cosmetics, notre engagement commun repose sur des expertises compl\u00e9mentaires qui fa\u00e7onnent l\u2019identit\u00e9 unique de notre marque.<\/span><\/span><\/p>\t\t\t\t\t\t\t\t<\/div>\n\t\t\t\t<\/div>\n\t\t\t\t\t<\/div>\n\t\t<\/div>\n\t\t\t\t\t<\/div>\n\t\t<\/section>\n\t\t\t\t<section class=\"elementor-section elementor-top-section elementor-element elementor-element-34e0702 elementor-section-boxed elementor-section-height-default elementor-section-height-default\" data-id=\"34e0702\" data-element_type=\"section\">\n\t\t\t\t\t\t<div class=\"elementor-container elementor-column-gap-default\">\n\t\t\t\t\t<div class=\"elementor-column elementor-col-50 elementor-top-column elementor-element elementor-element-b16afa2\" data-id=\"b16afa2\" data-element_type=\"column\">\n\t\t\t<div class=\"elementor-widget-wrap elementor-element-populated\">\n\t\t\t\t\t\t<div class=\"elementor-element elementor-element-a57acc4 elementor-widget elementor-widget-heading\" data-id=\"a57acc4\" data-element_type=\"widget\" data-widget_type=\"heading.default\">\n\t\t\t\t<div class=\"elementor-widget-container\">\n\t\t\t\t\t<h2 class=\"elementor-heading-title elementor-size-default\">Laura N\u2019Soko<\/h2>\t\t\t\t<\/div>\n\t\t\t\t<\/div>\n\t\t\t\t<div class=\"elementor-element elementor-element-214f301 elementor-widget elementor-widget-text-editor\" data-id=\"214f301\" data-element_type=\"widget\" data-widget_type=\"text-editor.default\">\n\t\t\t\t<div class=\"elementor-widget-container\">\n\t\t\t\t\t\t\t\t\t<p><span style=\"font-weight: 400;\">Cofondatrice et \u00e2me cr\u00e9ative, met \u00e0 profit son exp\u00e9rience d\u2019enseignante pour d\u00e9velopper une \u00e9coute attentive et une relation de confiance avec notre communaut\u00e9. Sa passion pour l\u2019innovation et la valorisation de la flore congolaise guide la conception de produits authentiques, efficaces et respectueux de la nature. Elle joue \u00e9galement un r\u00f4le cl\u00e9 dans la formulation de chaque produit, en veillant \u00e0 l\u2019\u00e9quilibre entre tradition et modernit\u00e9.<\/span><\/p>\t\t\t\t\t\t\t\t<\/div>\n\t\t\t\t<\/div>\n\t\t\t\t\t<\/div>\n\t\t<\/div>\n\t\t\t\t<div class=\"elementor-column elementor-col-50 elementor-top-column elementor-element elementor-element-5f35ebd\" data-id=\"5f35ebd\" data-element_type=\"column\">\n\t\t\t<div class=\"elementor-widget-wrap elementor-element-populated\">\n\t\t\t\t\t\t<div class=\"elementor-element elementor-element-364e4a1 elementor-widget elementor-widget-heading\" data-id=\"364e4a1\" data-element_type=\"widget\" data-widget_type=\"heading.default\">\n\t\t\t\t<div class=\"elementor-widget-container\">\n\t\t\t\t\t<h2 class=\"elementor-heading-title elementor-size-default\">Muriel N\u2019Soko<\/h2>\t\t\t\t<\/div>\n\t\t\t\t<\/div>\n\t\t\t\t<div class=\"elementor-element elementor-element-a043916 elementor-widget elementor-widget-text-editor\" data-id=\"a043916\" data-element_type=\"widget\" data-widget_type=\"text-editor.default\">\n\t\t\t\t<div class=\"elementor-widget-container\">\n\t\t\t\t\t\t\t\t\t<p><span style=\"font-weight: 400;\">Cofondatrice en charge de la gestion strat\u00e9gique, apporte rigueur et pragmatisme gr\u00e2ce \u00e0 son parcours en droit et sciences du travail. Elle coordonne les \u00e9quipes et partenaires tout en int\u00e9grant une d\u00e9marche responsable qui allie industrialisation ma\u00eetris\u00e9e et savoir-faire artisanal. Muriel intervient activement dans la recherche scientifique et l\u2019analyse des effets nutritionnels de nos produits pour la peau et le corps, assurant leur qualit\u00e9 et leur efficacit\u00e9.<\/span><\/p>\t\t\t\t\t\t\t\t<\/div>\n\t\t\t\t<\/div>\n\t\t\t\t\t<\/div>\n\t\t<\/div>\n\t\t\t\t\t<\/div>\n\t\t<\/section>\n\t\t\t\t<section class=\"elementor-section elementor-top-section elementor-element elementor-element-23f7c37 elementor-section-boxed elementor-section-height-default elementor-section-height-default\" data-id=\"23f7c37\" data-element_type=\"section\">\n\t\t\t\t\t\t<div class=\"elementor-container elementor-column-gap-default\">\n\t\t\t\t\t<div class=\"elementor-column elementor-col-100 elementor-top-column elementor-element elementor-element-21992df\" data-id=\"21992df\" data-element_type=\"column\">\n\t\t\t<div class=\"elementor-widget-wrap elementor-element-populated\">\n\t\t\t\t\t\t<div class=\"elementor-element elementor-element-7c47be7 elementor-widget elementor-widget-text-editor\" data-id=\"7c47be7\" data-element_type=\"widget\" data-widget_type=\"text-editor.default\">\n\t\t\t\t<div class=\"elementor-widget-container\">\n\t\t\t\t\t\t\t\t\t<p><span style=\"font-weight: 400;\">Toutes deux collaborent \u00e9troitement dans la formulation de chaque soin, combinant cr\u00e9ativit\u00e9, expertise scientifique et engagement social pour offrir des produits qui nourrissent et prot\u00e8gent votre beaut\u00e9 naturellement.<\/span><\/p><p>\u00a0<\/p><p><span style=\"font-weight: 400;\">Ensemble, nous partageons une vision commune : proposer une beaut\u00e9 holistique, durable et \u00e9thique, fond\u00e9e sur la richesse de la biodiversit\u00e9 congolaise. Nous vous remercions de faire partie de cette aventure, qui allie innovation, tradition et responsabilit\u00e9 pour r\u00e9v\u00e9ler votre \u00e9clat naturel dans le respect de la plan\u00e8te.<\/span><\/p><p>\u00a0<\/p><p><span style=\"font-weight: 400;\">Avec toute notre passion et notre engagement,<\/span><\/p>\t\t\t\t\t\t\t\t<\/div>\n\t\t\t\t<\/div>\n\t\t\t\t<div class=\"elementor-element elementor-element-4b03912 elementor-widget elementor-widget-text-editor\" data-id=\"4b03912\" data-element_type=\"widget\" data-widget_type=\"text-editor.default\">\n\t\t\t\t<div class=\"elementor-widget-container\">\n\t\t\t\t\t\t\t\t\t<p><b>Laura &amp; Muriel N\u2019Soko<\/b><span style=\"font-weight: 400;\"><br \/><\/span><span style=\"font-weight: 400;\">Co-fondatrices de Kejoa Cosmetics<\/span><\/p>\t\t\t\t\t\t\t\t<\/div>\n\t\t\t\t<\/div>\n\t\t\t\t\t<\/div>\n\t\t<\/div>\n\t\t\t\t\t<\/div>\n\t\t<\/section>\n\t\t\t\t<\/div>\n\t\t","protected":false},"excerpt":{"rendered":"<p>Message des Fondatrices Chez Kejoa Cosmetics, notre engagement commun repose sur des expertises compl\u00e9mentaires qui fa\u00e7onnent l\u2019identit\u00e9 unique de notre marque. Laura N\u2019Soko Cofondatrice et \u00e2me cr\u00e9ative, met \u00e0 profit son exp\u00e9rience d\u2019enseignante pour d\u00e9velopper une \u00e9coute attentive et une relation de confiance avec notre communaut\u00e9. Sa passion pour l\u2019innovation et la valorisation de la &hellip; <a href=\"https:\/\/kejoa.com\/?page_id=5771\" class=\"more-link\">Continue reading <span class=\"screen-reader-text\">Message des Fondatrices<\/span><\/a><\/p>\n","protected":false},"author":1,"featured_media":0,"parent":0,"menu_order":0,"comment_status":"closed","ping_status":"closed","template":"","meta":{"footnotes":""},"class_list":["post-5771","page","type-page","status-publish","hentry"],"_links":{"self":[{"href":"https:\/\/kejoa.com\/index.php?rest_route=\/wp\/v2\/pages\/5771","targetHints":{"allow":["GET"]}}],"collection":[{"href":"https:\/\/kejoa.com\/index.php?rest_route=\/wp\/v2\/pages"}],"about":[{"href":"https:\/\/kejoa.com\/index.php?rest_route=\/wp\/v2\/types\/page"}],"author":[{"embeddable":true,"href":"https:\/\/kejoa.com\/index.php?rest_route=\/wp\/v2\/users\/1"}],"replies":[{"embeddable":true,"href":"https:\/\/kejoa.com\/index.php?rest_route=%2Fwp%2Fv2%2Fcomments&post=5771"}],"version-history":[{"count":4,"href":"https:\/\/kejoa.com\/index.php?rest_route=\/wp\/v2\/pages\/5771\/revisions"}],"predecessor-version":[{"id":5775,"href":"https:\/\/kejoa.com\/index.php?rest_route=\/wp\/v2\/pages\/5771\/revisions\/5775"}],"wp:attachment":[{"href":"https:\/\/kejoa.com\/index.php?rest_route=%2Fwp%2Fv2%2Fmedia&parent=5771"}],"curies":[{"name":"wp","href":"https:\/\/api.w.org\/{rel}","templated":true}]}}